{"id":8964,"date":"2026-01-28T16:54:18","date_gmt":"2026-01-28T15:54:18","guid":{"rendered":"https:\/\/planetpsy.de\/shop\/?post_type=product&#038;p=8964"},"modified":"2026-05-06T14:35:32","modified_gmt":"2026-05-06T12:35:32","slug":"kongresspaket-depression-therapie-und-praevention","status":"publish","type":"product","link":"https:\/\/planetpsy.de\/shop\/produkt\/kongresspaket-depression-therapie-und-praevention\/","title":{"rendered":"<span style=\"color: #0075a2;\">Depression \u2013 Therapie und Pr\u00e4vention (2024)<\/span>"},"content":{"rendered":"<p><span style=\"color: #bababa;\">Kongresspaket<\/span><\/p>\n<h2>Alle Beitr\u00e4ge des Online-Kongresstags \u201eDepression \u2013 Therapie und Pr\u00e4vention\u201c (2024)<\/h2>\n<p><strong style=\"font-size: 16px;\">Depression verstehen, behandeln und vorbeugen: <\/strong>Erhalten Sie<span style=\"font-size: 16px;\">\u00a0einen kompakten, evidenzbasierten \u00dcberblick \u00fcber aktuelle Entwicklungen in der Depressionsbehandlung und Pr\u00e4vention. Sie erhalten Einblicke in <\/span><strong style=\"font-size: 16px;\">innovative Therapieans\u00e4tze, neue Forschungsergebnisse und bew\u00e4hrte pr\u00e4ventive Ma\u00dfnahmen<\/strong><span style=\"font-size: 16px;\">, pr\u00e4sentiert von acht erfahrenen Expert:innen aus Psychotherapie, Beratung und Coaching.<\/span><\/p>\n<div>\n<p>Depressionen geh\u00f6ren zu den h\u00e4ufigsten psychischen Erkrankungen \u2013 allein in Deutschland sind j\u00e4hrlich rund <strong>5,3 Millionen Erwachsene<\/strong> betroffen. Umso wichtiger ist ein tieferes Verst\u00e4ndnis von Entstehung, Verlauf und wirksamer Behandlung sowie der Frage, wie R\u00fcckf\u00e4llen und schweren Verl\u00e4ufen wirksam vorgebeugt werden kann.<\/p>\n<p>Im <strong><a href=\"https:\/\/planetpsy.de\/depression-therapie-und-praevention\/programm\/\" target=\"_blank\" rel=\"noopener\">Programm<\/a> <\/strong>erwarten Sie u. a.:<\/p>\n<ul>\n<li><strong>Scham, Schuld und Depressionen<\/strong> \u2013 wie fr\u00fch gepr\u00e4gte emotionale Muster die Erkrankung beeinflussen und wie Betroffene einen neuen Zugang zu Selbstwert und Selbstf\u00fcrsorge finden (Maren Lammers)<\/li>\n<li><strong>Depression und Trauma<\/strong> \u2013 wann depressive Symptome traumabedingt sind und warum traumafokussierte Therapie in diesen F\u00e4llen entscheidend ist (Dr. Alice Romanus?Ludewig)<\/li>\n<li><strong>Selbstwert, Selbstwirksamkeit, Selbstakzeptanz<\/strong> \u2013 ein neues Modell zur St\u00e4rkung zentraler psychischer Schutzfaktoren (Frauke Niehues)<\/li>\n<li>Weitere Beitr\u00e4ge zu <strong>Resilienz, emotionalem Wohlbefinden, Beratung in Bewegung<\/strong> und <strong>pferdegest\u00fctzter Psychotherapie<\/strong> runden den Tag ab.<\/li>\n<\/ul>\n<p><span style=\"font-size: 16px;\">Ideal f\u00fcr alle, die sich den Zugriff auf die Inhalte dauerhaft sichern m\u00f6chten!<\/span><\/p>\n<p><strong>Ein Kongress, de<\/strong><strong>r wissenschaftliche Erkenntnisse, praktische Erfahrung und pr\u00e4ventive Wege zusammenf\u00fchrt \u2013 f\u00fcr eine fundierte, moderne und ganzheitliche Auseinandersetzung mit Depression.<\/strong><\/p>\n<\/div>\n<div>\n<p>&nbsp;<\/p>\n<\/div>\n","protected":false},"excerpt":{"rendered":"<p>Erhalten Sie\u00a0einen kompakten, evidenzbasierten \u00dcberblick \u00fcber aktuelle Entwicklungen in der Depressionsbehandlung und Pr\u00e4vention. Sie erhalten Einblicke in innovative Therapieans\u00e4tze, neue Forschungsergebnisse und bew\u00e4hrte pr\u00e4ventive Ma\u00dfnahmen, pr\u00e4sentiert von acht erfahrenen Expert:innen aus Psychotherapie, Beratung und Coaching.<\/p>\n","protected":false},"featured_media":8965,"template":"","meta":{"site-sidebar-layout":"default","site-content-layout":"","ast-site-content-layout":"default","site-content-style":"default","site-sidebar-style":"default","ast-global-header-display":"","ast-banner-title-visibility":"","ast-main-header-display":"","ast-hfb-above-header-display":"","ast-hfb-below-header-display":"","ast-hfb-mobile-header-display":"","site-post-title":"","ast-breadcrumbs-content":"","ast-featured-img":"","footer-sml-layout":"","ast-disable-related-posts":"","theme-transparent-header-meta":"default","adv-header-id-meta":"","stick-header-meta":"default","header-above-stick-meta":"","header-main-stick-meta":"","header-below-stick-meta":"","astra-migrate-meta-layouts":"set","ast-page-background-enabled":"default","ast-page-background-meta":{"desktop":{"background-color":"","background-image":"","background-repeat":"repeat","background-position":"center center","background-size":"auto","background-attachment":"scroll","background-type":"","background-media":"","overlay-type":"","overlay-color":"","overlay-opacity":"","overlay-gradient":""},"tablet":{"background-color":"","background-image":"","background-repeat":"repeat","background-position":"center center","background-size":"auto","background-attachment":"scroll","background-type":"","background-media":"","overlay-type":"","overlay-color":"","overlay-opacity":"","overlay-gradient":""},"mobile":{"background-color":"","background-image":"","background-repeat":"repeat","background-position":"center center","background-size":"auto","background-attachment":"scroll","background-type":"","background-media":"","overlay-type":"","overlay-color":"","overlay-opacity":"","overlay-gradient":""}},"ast-content-background-meta":{"desktop":{"background-color":"var(--ast-global-color-5)","background-image":"","background-repeat":"repeat","background-position":"center center","background-size":"auto","background-attachment":"scroll","background-type":"","background-media":"","overlay-type":"","overlay-color":"","overlay-opacity":"","overlay-gradient":""},"tablet":{"background-color":"var(--ast-global-color-5)","background-image":"","background-repeat":"repeat","background-position":"center center","background-size":"auto","background-attachment":"scroll","background-type":"","background-media":"","overlay-type":"","overlay-color":"","overlay-opacity":"","overlay-gradient":""},"mobile":{"background-color":"var(--ast-global-color-5)","background-image":"","background-repeat":"repeat","background-position":"center center","background-size":"auto","background-attachment":"scroll","background-type":"","background-media":"","overlay-type":"","overlay-color":"","overlay-opacity":"","overlay-gradient":""}},"footnotes":""},"product_brand":[],"product_cat":[317],"product_tag":[426,349,427,340],"class_list":{"0":"post-8964","1":"product","2":"type-product","3":"status-publish","4":"has-post-thumbnail","6":"product_cat-kongresspakete","7":"product_tag-depression","8":"product_tag-mental-health","9":"product_tag-praevention-mentale-gesundheit","10":"product_tag-therapie","11":"desktop-align-left","12":"tablet-align-left","13":"mobile-align-left","15":"first","16":"instock","17":"virtual","18":"taxable","19":"purchasable","20":"product-type-simple"},"_links":{"self":[{"href":"https:\/\/planetpsy.de\/shop\/wp-json\/wp\/v2\/product\/8964","targetHints":{"allow":["GET"]}}],"collection":[{"href":"https:\/\/planetpsy.de\/shop\/wp-json\/wp\/v2\/product"}],"about":[{"href":"https:\/\/planetpsy.de\/shop\/wp-json\/wp\/v2\/types\/product"}],"version-history":[{"count":10,"href":"https:\/\/planetpsy.de\/shop\/wp-json\/wp\/v2\/product\/8964\/revisions"}],"predecessor-version":[{"id":9694,"href":"https:\/\/planetpsy.de\/shop\/wp-json\/wp\/v2\/product\/8964\/revisions\/9694"}],"wp:featuredmedia":[{"embeddable":true,"href":"https:\/\/planetpsy.de\/shop\/wp-json\/wp\/v2\/media\/8965"}],"wp:attachment":[{"href":"https:\/\/planetpsy.de\/shop\/wp-json\/wp\/v2\/media?parent=8964"}],"wp:term":[{"taxonomy":"product_brand","embeddable":true,"href":"https:\/\/planetpsy.de\/shop\/wp-json\/wp\/v2\/product_brand?post=8964"},{"taxonomy":"product_cat","embeddable":true,"href":"https:\/\/planetpsy.de\/shop\/wp-json\/wp\/v2\/product_cat?post=8964"},{"taxonomy":"product_tag","embeddable":true,"href":"https:\/\/planetpsy.de\/shop\/wp-json\/wp\/v2\/product_tag?post=8964"}],"curies":[{"name":"wp","href":"https:\/\/api.w.org\/{rel}","templated":true}]}}