{"id":9648,"date":"2026-05-05T13:43:47","date_gmt":"2026-05-05T11:43:47","guid":{"rendered":"https:\/\/planetpsy.de\/shop\/widerrufsbelehrung\/"},"modified":"2026-05-07T11:48:59","modified_gmt":"2026-05-07T09:48:59","slug":"widerrufsbelehrung","status":"publish","type":"page","link":"https:\/\/planetpsy.de\/shop\/widerrufsbelehrung\/","title":{"rendered":"Widerrufsbelehrung"},"content":{"rendered":"\t\t<div data-elementor-type=\"wp-page\" data-elementor-id=\"9648\" class=\"elementor elementor-9648\" data-elementor-post-type=\"page\">\n\t\t\t\t<div class=\"elementor-element elementor-element-eaf70d7 e-flex e-con-boxed e-con e-parent\" data-id=\"eaf70d7\" data-element_type=\"container\" data-e-type=\"container\">\n\t\t\t\t\t<div class=\"e-con-inner\">\n\t\t\t\t<div class=\"elementor-element elementor-element-2095f15 elementor-widget elementor-widget-spacer\" data-id=\"2095f15\" data-element_type=\"widget\" data-e-type=\"widget\" data-widget_type=\"spacer.default\">\n\t\t\t\t<div class=\"elementor-widget-container\">\n\t\t\t\t\t\t\t<div class=\"elementor-spacer\">\n\t\t\t<div class=\"elementor-spacer-inner\"><\/div>\n\t\t<\/div>\n\t\t\t\t\t\t<\/div>\n\t\t\t\t<\/div>\n\t\t\t\t\t\t\t<h2 \n\t\tdata-interaction-id=\"01f8196\" \n\t\tclass=\"e-heading-base\" \n\t\t \n\t\tdata-e-type=\"widget\" data-id=\"01f8196\"\n\t>\n\t\n\t\t\tWiderrufsrecht\n\t\t<\/h2>\n\t\t\t\t\t\t\t\t<p class=\"e-paragraph-base\" data-interaction-id=\"aa65681\"  data-e-type=\"widget\" data-id=\"aa65681\">\n\t\t\t\t\t\t\t\tSie haben das Recht, <strong>binnen vierzehn Tagen ohne Angabe von Gr\u00fcnden<\/strong> diesen Vertrag zu widerrufen.Die Widerrufsfrist betr\u00e4gt <strong>vierzehn Tage ab dem Tag des Vertragsabschlusses<\/strong>.Um Ihr Widerrufsrecht auszu\u00fcben, m\u00fcssen Sie uns<br><br><strong>JUNFERMANN VERLAG GmbH<\/strong><br>Driburger Stra\u00dfe 24 d<br>33100 PaderbornTelefon: 05251 \u2013 13 44 11*<br>Fax: 05251 \u2013 13 44 44<br>E-Mail: <strong>info@planetpsy.de<\/strong><br><br>mittels einer <strong>eindeutigen Erkl\u00e4rung<\/strong> (z.\u202fB. ein mit der Post versandter Brief oder eine E-Mail) \u00fcber Ihren Entschluss informieren, diesen Vertrag zu widerrufen. Sie k\u00f6nnen daf\u00fcr das <strong>beigef\u00fcgte Muster\u2011Widerrufsformular<\/strong> verwenden, das jedoch nicht vorgeschrieben ist.<br>Zur Wahrung der Widerrufsfrist reicht es aus, dass Sie die Mitteilung <strong>vor Ablauf der Widerrufsfrist<\/strong> absenden. *Es fallen die \u00fcblichen Telefongeb\u00fchren Ihres Telefonanbieters an.&nbsp;<br><br>\n\t\t\t\t\t<\/p>\n\t\t\t\t\t\t\t<h4 \n\t\tdata-interaction-id=\"73027dd\" \n\t\tclass=\"e-heading-base\" \n\t\t \n\t\tdata-e-type=\"widget\" data-id=\"73027dd\"\n\t>\n\t\n\t\t\tFolgen des Widerrufs\n\t\t<\/h4>\n\t\t\t\t\t\t\t\t<p class=\"e-paragraph-base\" data-interaction-id=\"e9ed667\"  data-e-type=\"widget\" data-id=\"e9ed667\">\n\t\t\t\t\t\t\t\tWenn Sie diesen Vertrag widerrufen, erstatten wir Ihnen <strong>alle Zahlungen<\/strong>, die wir von Ihnen erhalten haben, <strong>unverz\u00fcglich und sp\u00e4testens binnen vierzehn Tagen<\/strong> ab dem Tag, an dem die Mitteilung \u00fcber Ihren Widerruf bei uns eingegangen ist.F\u00fcr diese R\u00fcckzahlung verwenden wir dasselbe Zahlungsmittel, das Sie bei der urspr\u00fcnglichen Transaktion eingesetzt haben, es sei denn, mit Ihnen wurde ausdr\u00fccklich etwas anderes vereinbart.<br>In keinem Fall werden Ihnen wegen dieser R\u00fcckzahlung Entgelte berechnet.<br><br>\u2014 Ende der Widerrufsbelehrung \u2014&nbsp;&nbsp;<br><br>\n\t\t\t\t\t<\/p>\n\t\t\t\t\t\t\t<h4 \n\t\tdata-interaction-id=\"4f4572d\" \n\t\tclass=\"e-heading-base\" \n\t\t \n\t\tdata-e-type=\"widget\" data-id=\"4f4572d\"\n\t>\n\t\n\t\t\t<strong>Muster\u2011Widerrufsformular<\/strong><br>\n\t\t<\/h4>\n\t\t\t\t\t\t\t\t<p class=\"e-paragraph-base\" data-interaction-id=\"823b8e4\"  data-e-type=\"widget\" data-id=\"823b8e4\">\n\t\t\t\t\t\t\t\t<em>(Wenn Sie den Vertrag widerrufen wollen, f\u00fcllen Sie dieses Formular aus und senden Sie es zur\u00fcck.)<\/em><br><br>An:<br><strong>JUNFERMANN VERLAG GmbH<\/strong><br>Driburger Stra\u00dfe 24 d<br>33100 Paderborn<br>E-Mail: <strong>info@planetpsy.de<\/strong><br><br>Hiermit widerrufe ich \/ widerrufen wir* den von mir \/ uns* abgeschlossenen Vertrag \u00fcber den Kauf der folgenden <strong>digitalen Inhalte<\/strong>:<br><br>Bezeichnung des digitalen Produkts: ___________________________<br>Bestellnummer (falls vorhanden): ___________________________<br>Bestellt am: ___________________________<br>Name der\/des Verbraucher<em>in: ___________________________<br>Anschrift der\/des Verbraucher<\/em>in: ___________________________<br>Datum: ___________________________<br>Unterschrift (nur bei Mitteilung auf Papier): _______________________ <br>*Unzutreffendes streichen<br><br>\n\t\t\t\t\t<\/p>\n\t\t\t\t\t<\/div>\n\t\t\t\t<\/div>\n\t\t\t\t<div class=\"elementor-element elementor-element-2d7c604 e-con e-atomic-element e-flexbox-base\" data-id=\"2d7c604\" data-element_type=\"e-flexbox\" data-e-type=\"e-flexbox\" data-interaction-id=\"2d7c604\" data-e-type=\"e-flexbox\" data-id=\"2d7c604\">\n\t\t\t\t<\/div>\n\t\t\t\t<\/div>\n\t\t","protected":false},"excerpt":{"rendered":"<p>Widerrufsrecht Sie haben das Recht, binnen vierzehn Tagen ohne Angabe von Gr\u00fcnden diesen Vertrag zu widerrufen.Die Widerrufsfrist betr\u00e4gt vierzehn Tage ab dem Tag des Vertragsabschlusses.Um Ihr Widerrufsrecht auszu\u00fcben, m\u00fcssen Sie uns JUNFERMANN VERLAG GmbHDriburger Stra\u00dfe 24 d33100 PaderbornTelefon: 05251 \u2013 13 44 11*Fax: 05251 \u2013 13 44 44E-Mail: info@planetpsy.de mittels einer eindeutigen Erkl\u00e4rung (z.?B. ein [&hellip;]<\/p>\n","protected":false},"author":1,"featured_media":0,"parent":0,"menu_order":0,"comment_status":"closed","ping_status":"closed","template":"","meta":{"site-sidebar-layout":"no-sidebar","site-content-layout":"page-builder","ast-site-content-layout":"full-width-container","site-content-style":"unboxed","site-sidebar-style":"default","ast-global-header-display":"","ast-banner-title-visibility":"","ast-main-header-display":"","ast-hfb-above-header-display":"","ast-hfb-below-header-display":"","ast-hfb-mobile-header-display":"","site-post-title":"","ast-breadcrumbs-content":"","ast-featured-img":"disabled","footer-sml-layout":"","ast-disable-related-posts":"","theme-transparent-header-meta":"","adv-header-id-meta":"","stick-header-meta":"","header-above-stick-meta":"","header-main-stick-meta":"","header-below-stick-meta":"","astra-migrate-meta-layouts":"set","ast-page-background-enabled":"default","ast-page-background-meta":{"desktop":{"background-color":"","background-image":"","background-repeat":"repeat","background-position":"center center","background-size":"auto","background-attachment":"scroll","background-type":"","background-media":"","overlay-type":"","overlay-color":"","overlay-opacity":"","overlay-gradient":""},"tablet":{"background-color":"","background-image":"","background-repeat":"repeat","background-position":"center center","background-size":"auto","background-attachment":"scroll","background-type":"","background-media":"","overlay-type":"","overlay-color":"","overlay-opacity":"","overlay-gradient":""},"mobile":{"background-color":"","background-image":"","background-repeat":"repeat","background-position":"center center","background-size":"auto","background-attachment":"scroll","background-type":"","background-media":"","overlay-type":"","overlay-color":"","overlay-opacity":"","overlay-gradient":""}},"ast-content-background-meta":{"desktop":{"background-color":"var(--ast-global-color-5)","background-image":"","background-repeat":"repeat","background-position":"center center","background-size":"auto","background-attachment":"scroll","background-type":"","background-media":"","overlay-type":"","overlay-color":"","overlay-opacity":"","overlay-gradient":""},"tablet":{"background-color":"var(--ast-global-color-5)","background-image":"","background-repeat":"repeat","background-position":"center center","background-size":"auto","background-attachment":"scroll","background-type":"","background-media":"","overlay-type":"","overlay-color":"","overlay-opacity":"","overlay-gradient":""},"mobile":{"background-color":"var(--ast-global-color-5)","background-image":"","background-repeat":"repeat","background-position":"center center","background-size":"auto","background-attachment":"scroll","background-type":"","background-media":"","overlay-type":"","overlay-color":"","overlay-opacity":"","overlay-gradient":""}},"footnotes":""},"class_list":["post-9648","page","type-page","status-publish","hentry"],"_links":{"self":[{"href":"https:\/\/planetpsy.de\/shop\/wp-json\/wp\/v2\/pages\/9648","targetHints":{"allow":["GET"]}}],"collection":[{"href":"https:\/\/planetpsy.de\/shop\/wp-json\/wp\/v2\/pages"}],"about":[{"href":"https:\/\/planetpsy.de\/shop\/wp-json\/wp\/v2\/types\/page"}],"author":[{"embeddable":true,"href":"https:\/\/planetpsy.de\/shop\/wp-json\/wp\/v2\/users\/1"}],"replies":[{"embeddable":true,"href":"https:\/\/planetpsy.de\/shop\/wp-json\/wp\/v2\/comments?post=9648"}],"version-history":[{"count":12,"href":"https:\/\/planetpsy.de\/shop\/wp-json\/wp\/v2\/pages\/9648\/revisions"}],"predecessor-version":[{"id":9800,"href":"https:\/\/planetpsy.de\/shop\/wp-json\/wp\/v2\/pages\/9648\/revisions\/9800"}],"wp:attachment":[{"href":"https:\/\/planetpsy.de\/shop\/wp-json\/wp\/v2\/media?parent=9648"}],"curies":[{"name":"wp","href":"https:\/\/api.w.org\/{rel}","templated":true}]}}